uppose 0*d = -4*x - 4*d - 612, d - 777 = 5*x. Let v = 166 + x. Calculate the highest common divisor of k and v.
11
Let l(d) = 2*d**2 - 2*d - 8. Let r be l(4). Let x = -1 - 1. Let n(s) = s + 4. Let y be n(x). Calculate the greatest common divisor of y and r.
2
Let z(n) = -8*n - 69. Let f(r) = -21*r - 208. Let w(d) = -4*f(d) + 11*z(d). Let t be w(-11). What is the highest common divisor of t and 18?
9
Let l be (-3)/((-39)/(-104)*-4*1). What is the highest common factor of l and 212?
2
Let u be ((-40)/12)/(((-20)/831)/10). Calculate the highest common factor of u and 5.
5
Let a be 1/2*(59 + -7). Let d = 2 + a. Suppose 0 = -2*k + 4*x + 140, 0 = -5*k - 3*x - x + 350. What is the highest common divisor of k and d?
14
Let v = 141 - 136. Let r be 42 + 3*(v - 4). What is the highest common divisor of 315 and r?
45
Let w be ((-5)/(100/65))/(1/(-136)). Suppose w = 9*t - 7*t. What is the greatest common divisor of t and 17?
17
Let y(q) = -23*q**2 - 247*q + 18. Let j be y(-6). Let r = 98 - 56. What is the highest common factor of j and r?
42
Suppose -2*o = -3*o + 198. Let p = 539 + -501. Suppose 0 = p*z - 35*z - 54. What is the greatest common divisor of z and o?
18
Let m(l) = 8*l**2 - 86*l + 460. Let w be m(5). Calculate the highest common divisor of 10 and w.
10
Suppose -3 = 3*w - 0, 52 = 2*b - 2*w. Let u(g) = 2*g**2 - g - 1. Let x be u(4). Suppose x = 4*z - b. What is the greatest common factor of 143 and z?
13
Suppose 0 = h + p + p - 176, 176 = h - 2*p. Let i = 738 + -727. What is the highest common divisor of i and h?
11
Suppose 4560 = 6*i - 2*i. Suppose 5*g - 35 + 255 = 3*j, 0 = 3*g + 24. What is the highest common factor of j and i?
60
Let f(x) = -2*x**2 - 32*x + 17. Let j be f(-16). Suppose 3*p + 3*a - 5 = 4, a - j = -3*p. Let w = 46 - p. What is the highest common factor of 3 and w?
3
Let g be (-849)/(-11) + (-4)/22. Let p(o) = 2*o**2 - 2*o - 1. Let j be p(2). Suppose -4*i + 7 = -j*i. What is the greatest common divisor of g and i?
7
Let y(b) = 6*b**3 + 11*b**2 + 35*b - 161. Let s be y(11). What is the greatest common divisor of s and 94?
47
Let k(d) = 1086*d - 1317. Let r be k(3). What is the highest common factor of 6 and r?
3
Let s(o) = 2*o**3 + 13*o**2 - 27*o + 21. Let l be s(-8). What is the highest common divisor of 189 and l?
9
Suppose -3*d - 356 + 3056 = 0. Suppose -d = -3*f - 2*f. What is the highest common factor of 72 and f?
36
Suppose -6*i = -2*i - 32. Suppose -i*p = -10*p + 10. Let m = p - 0. Calculate the highest common factor of m and 20.
5
Let v(w) = -5*w + 29. Let q = 32 + -28. Suppose -2*c + c + q*t = 11, 4*c - 4*t + 80 = 0. Let n be v(c). Calculate the highest common divisor of n and 9.
9
Let t be (-7)/7*-7 - -26 - 5. Calculate the highest common factor of 2954 and t.
14
Let y(z) be the first derivative of -25/2*z**2 + 25 - 34*z. Let x be y(-5). What is the highest common factor of x and 13?
13
Let m(r) = 36*r**2 + 11*r + 35. Let t be m(-5). Suppose 0 = -15*s + t - 100. Calculate the greatest common divisor of s and 39.
13
Let t(n) = 143*n - 70. Let l be t(2). Suppose l = 7*m - 4*m. What is the highest common divisor of m and 63?
9
Let u = 19855 - 6911. Calculate the greatest common factor of 16 and u.
16
Let o = -1996 + 2176. Calculate the greatest common divisor of 4716 and o.
36
Suppose u = 3*t - 72, -2*t - 2*u - 17 = -65. What is the greatest common factor of t and 75?
3
Let u = -240 + 247. Let n be 72/u*((-119)/(-14) - -2). Calculate the greatest common divisor of 81 and n.
27
Suppose 12*b - 439569 = -25*b - 2*b. Calculate the greatest common divisor of b and 13.
13
Let l be 2/(-26) + ((-75132)/(-234) - 2). Calculate the highest common divisor of 121 and l.
11
Let s(v) = v**2 + 4. Let r be s(0). Let p be (8/10)/(r/150). Let i be ((-90)/(-21))/6*(-591 + 647). What is the highest common factor of i and p?
10
Let d = -14312 - -14354. Calculate the greatest common divisor of 120 and d.
6
Let m(g) = 39*g**2 + 2*g - 4. Let n be m(1). Let c = 404 + n. Calculate the highest common divisor of 9 and c.
9
Let p(b) = 14*b**2 + 12*b + 9. Let h be p(-9). Suppose -4*w = -3*u + 1384 - 1660, w = u + 69. What is the greatest common divisor of w and h?
69
Let r = -251 + 551. Suppose 0 = 14*z + z - r. Let t(j) = -j**3 - j**2 - j - 2. Let o be t(-2). Calculate the highest common divisor of z and o.
4
Let a(w) = 16*w + 62. Let r be a(-15). Let q = r - -179. What is the highest common factor of 35 and q?
1
Let l be (-520)/(-52)*(-1 - -2) + 1783. Calculate the greatest common divisor of l and 1467.
163
Let u be ((-352)/(-24))/((-2)/(-51)). Suppose j - 114 = -x + 2*j, u = 3*x + 5*j. Let g = x - 70. Calculate the greatest common divisor of 8 and g.
8
Let b = 4537 + -4523. What is the highest common divisor of b and 4438?
14
Let b be 1275/9 - (-336)/252. What is the highest common factor of b and 24167?
143
Let h = 527 - -425. Calculate the greatest common factor of h and 357.
119
Suppose 142 = -6*g - 38. Let f = g + 35. Calculate the highest common divisor of f and 65.
5
Suppose 16*g + 20*g - 1221 = 3*g. Calculate the highest common factor of 2072 and g.
37
Suppose 3*i - 25 = -m, 5*m - 35 = 2*m - i. Suppose 0 = 2*r - 4*d + 170, -4*d = -3 - 9. Let h = r - -84. What is the greatest common divisor of h and m?
5
Let p(j) = -148*j + 1678. Let l be p(11). What is the highest common factor of l and 470?
10
Let w = -1260 + 1748. What is the greatest common factor of w and 8?
8
Let r be (-6)/(-2)*(-1 - (-19 + -2)). Let m = 55 - r. Let u be 123/7 + m/(70/8). What is the greatest common divisor of u and 170?
17
Let m = -108 + 194. Let l = -4 + 9. Suppose -l*b = -m - 139. Calculate the highest common divisor of b and 9.
9
Let a be (-6)/((10 + -2)/4). Let s be a/(2/(-5) - (-212)/680). Calculate the highest common factor of s and 102.
34
Let t(f) be the third derivative of 9*f**4/8 + 3*f**2. Let x be t(2). Suppose 0 = -14*g - 13*g + 34*g - 252. What is the greatest common factor of g and x?
18
Suppose -141*f + 3005 + 3771 = 101*f. Let d be (-2356)/(-14) + 4/28*-2. Calculate the highest common factor of d and f.
28
Let n = -30 - -29. Let w = 32 + n. Suppose 34*p - 1056 = w*p. Calculate the highest common divisor of p and 32.
32
Suppose -30*a - 674121 = -25*a - 26*a. What is the highest common factor of a and 47?
47
Suppose -v + 4*y - 152 + 1578 = 0, 2*v - 2800 = -5*y. What is the greatest common factor of 330 and v?
30
Let f(m) = 160*m + 1442. Let t be f(-9). Calculate the highest common factor of t and 1817.
1
Suppose 3*d + 2664 = 4*v, -4*v + 8*d + 2664 = 11*d. What is the highest common factor of v and 72?
18
Suppose -2 = 2*f, 195 = 2*n - f - 246. What is the greatest common divisor of 616 and n?
44
Let j = 39 + -32. Suppose j*l + 64 = 8*l. Let c = l - 61. Calculate the highest common divisor of 1 and c.
1
Let j be 6/51 - (12 + 64448/(-136)). What is the greatest common factor of 1554 and j?
42
Let c(u) = u**3 + 11*u**2 + 7*u - 3. Let r be c(-9). Let b = 1206 + -1200. What is the greatest common divisor of r and b?
6
Let v be (-116)/290 - 104/(-10). Let p(s) be the first derivative of 3*s**2/2 - 21*s + 1. Let g be p(v). What is the highest common factor of 15 and g?
3
Let v(n) = -2*n**3 + 163*n**2 - 221*n - 340. Let w be v(80). What is the greatest common divisor of w and 35?
5
Let f(h) = 113*h + 5936. Let j be f(-52). Calculate the highest common divisor of j and 780.
60
Suppose -201 = -4*c - 5*p, -3*c + 0*c + 5*p + 107 = 0. Let h = c + -42. Let j = h + -1. What is the greatest common divisor of 11 and j?
1
Suppose -7*r = -2*r - 450. Suppose 0 = 72*u - 75*u + 375. Suppose -a + 2*t + 50 = 0, -2*a - 6*t = -5*t - u. What is the greatest common divisor of a and r?
30
Suppose 0*x + 10*x = -3380. Let z = -215 - x. Suppose 8*h = -27 + z. What is the greatest common divisor of 18 and h?
6
Let i be (-9)/(45/1610) + -1. Let q = i + 364. What is the highest common divisor of 1 and q?
1
Let i(f) = 306*f**2 + 259*f - 35. Let b be i(-7). Calculate the highest common factor of 42 and b.
42
Let k be 99/(-2)*10/(-15)*(12 + -9). Calculate the highest common factor of 9108 and k.
99
Suppose 37 = l - 1. Let i be 326*(3 + -2 + 0). Suppose l + i = 4*t. What is the highest common divisor of t and 13?
13
Suppose -1984*r + 1971*r + 2223 = 0. What is the highest common factor of r 